3)/12)/((-2)/8). Let c be (4/4 - 5)/o. What is the tens digit of (14 - -3) + c + 2?
1
Suppose 3*a = 2*a + 2. Suppose -8 = -a*l + 138. What is the units digit of l?
3
Let n(a) = 438*a**2 + 23*a - 12. What is the hundreds digit of n(3)?
9
Suppose 205 - 70 = 5*j. Let s = -25 + j. Suppose 0 = -3*o + o + s, -o - 25 = -z. What is the tens digit of z?
2
Suppose 116 + 72 = 2*a + 4*h, 3*a - 2*h - 266 = 0. What is the tens digit of a?
9
Suppose -4 = -5*a + 2*v + 24, -2*a + 2*v = -10. Let n(q) = -1 - a + 15*q - 1 + 1. What is the units digit of n(2)?
3
What is the units digit of 556 - -19 - (-2 - 0)?
7
Suppose -3*y + 6*y = -12. What is the tens digit of y*9*-1*(-675)/(-300)?
8
Let t be (12 + 8)*(-2)/(-4). Suppose 0 = t*s - 5*s. Suppose -y + 5*b + 4 = s, 4*b = -0*y + 4*y - 16. What is the units digit of y?
4
Suppose -4*c + 4*l + 964 = 7*l, -1240 = -5*c + 5*l. What is the hundreds digit of c?
2
Let x(y) be the first derivative of -y**4/2 - 7*y**3/3 + 11*y**2/2 + 13*y + 25. What is the units digit of x(-6)?
7
Let l(h) = -h**3 + 6*h**2 + 4*h - 8. Let d be (20/16)/((-1)/4). Let r = d + 11. What is the tens digit of l(r)?
1
Let y = -22 + -89. Let w = -5 - y. What is the tens digit of w?
0
Suppose 17*p = 12*p + 25. Suppose p*s - 207 = -67. What is the tens digit of s?
2
Let p be (-5 + 60/9)*3. Suppose -4*b + p*r = -725, 0*b = 5*b - 2*r - 919. What is the hundreds digit of b?
1
Let i(f) = f**3 - 2*f**2 - 3*f + 1. Suppose 0 = -3*o + 14 - 2. Let l be i(o). Let t = 29 - l. What is the units digit of t?
8
What is the hundreds digit of (-7)/4 - 35230/(-40)?
8
What is the units digit of -2*(10 + 42/(-4))?
1
Suppose -4*t + 2*t = 0. Suppose 3*m - 2 - 16 = t. Let u(q) = 6*q + 6. What is the tens digit of u(m)?
4
Let v(f) be the third derivative of -f**6/120 + 2*f**5/15 - 3*f**3/2 + 8*f**2. Let u be v(8). What is the units digit of u*(2 + 21/(-9))?
3
Suppose -n + 3 = 4*f - 2*f, -5*f + 12 = -2*n. What is the units digit of f*(-3)/(-6)*11?
1
Suppose 15 = 2*b - p, 4*p - p = 3*b - 15. Suppose 0 = -4*g + 30 - b. Suppose -4*z + 2*d = 4*d - 114, 2*z + g*d - 61 = 0. What is the tens digit of z?
2
Let x be (-1)/((-6)/231) + 21/14. Suppose 3*d - x = 32. What is the tens digit of d?
2
Let n be (1/(-3))/(16/(-192)). What is the tens digit of (264/20)/(n/50)?
6
Let k = -38 + 7. Suppose -2*c + 220 = 3*c. Let m = c + k. What is the units digit of m?
3
Suppose 5*h - 3*i - 32 = -4*i, 5*h + 3*i - 36 = 0. Let a(v) = 3*v**2 - v**2 - 9 - 5*v - 3. What is the units digit of a(h)?
0
Suppose 2*o = 9 + 9. Let j = 18 - o. Let x = 19 - j. What is the tens digit of x?
1
Suppose 4*r + 16 = 0, -8*v + 3*r = -4*v - 132. What is the hundreds digit of (v/45)/((4/1266)/1)?
2
Let y(q) = q**3 - 14*q**2 + 14*q - 10. Let v be y(13). Let o(p) = -p**3 + 7*p**2 - 3*p + 1. What is the units digit of o(v)?
8
Suppose -4*u + 83 = -29. Suppose -f + u = 8. What is the tens digit of f?
2
Let q = -23 - -30. Let z = q + -5. Suppose 0*s + s - 41 = z*m, 2*m = -2*s + 88. What is the units digit of s?
3
Let f = 3703 + -1969. What is the units digit of f?
4
Suppose 3*w + 0*v = 3*v + 657, -5*v - 871 = -4*w. What is the hundreds digit of w?
2
Let r(v) = 135*v**3 - v**2 + 1. Suppose -2*y = -3*m + 7, y - 1 = -2*m + 6. What is the units digit of r(y)?
5
Suppose -57*d + 2072 = -49*d. What is the hundreds digit of d?
2
Suppose -3*b + 12 = -6*b. Let s(x) = -x**3 + 3*x**2 + 6*x + 9. What is the tens digit of s(b)?
9
Let h = 664 + -35. What is the tens digit of h?
2
Let k be (-2 + -1 - -7) + 2. Let a(u) = 2*u**2 - 2*u**2 - u**2 - 2 + 4*u + 4*u. What is the units digit of a(k)?
0
Suppose 96*i - 97*i = 3. What is the units digit of 12/(-15) - ((-195)/25 - i)?
4
Suppose -2*b - 287 = -d + 687, 4*d = 2*b + 3890. What is the tens digit of d?
7
What is the units digit of 23334/27 - (20/(-18))/(-5)?
4
Suppose 11*k = 15*k + z - 10260, 2*k - z = 5124. What is the units digit of k?
4
Suppose -148742 + 60183 = -19*l. What is the tens digit of l?
6
Suppose -3*q - 5*k = -3*k - 1370, 4*q = 5*k + 1842. What is the hundreds digit of q?
4
Let l(j) = -14*j - 36. Let h(z) = -27*z - 71. Let y(v) = 3*h(v) - 5*l(v). What is the units digit of y(-5)?
2
Let q(c) = 15*c**2 - c + 2. Let w be q(1). What is the tens digit of w + -13 + 44 + 1?
4
Let u(r) = r**2. Let h(b) = -4*b**2 - 4*b + 11. Let y(l) = -h(l) - 3*u(l). Let a be y(-7). Let s(g) = -g**2 + 13*g + 13. What is the units digit of s(a)?
3
Let u be -2*(-1)/(-8)*2*42. Let t = u - -157. What is the units digit of t?
6
Let t(y) = -5*y**2 + 16*y + 13. Let x(v) = -2*v**2 + 8*v + 6. Let w be (7/3)/((-1)/3). Let a(h) = w*x(h) + 3*t(h). What is the units digit of a(-6)?
9
Let x be (12/(-10))/((-21)/(-70)). Let z be ((x - 10) + 4)*-2. Suppose 4*l - 28 = z. What is the tens digit of l?
1
Let l(n) = 5*n**2 + 5*n + 1. Let q(p) = p**2 + 5*p - 11. Let w be q(-7). What is the tens digit of l(w)?
6
Let c = 141 + -212. Let u = c + 216. What is the units digit of u?
5
What is the tens digit of 6 + (419 - 6) - 6?
1
What is the tens digit of (10 + 19)*((0 - -2) + 1)?
8
Suppose 0 = d + 45 - 13. Let m = d + 36. What is the tens digit of (m + 0)*629/34?
7
Let i(y) = y**2 - 5*y + 6. Let w be i(3). What is the hundreds digit of (6/12)/((-1)/(-250) - w)?
1
Suppose -4*a - 481 = -r, 8*a - 7*a = 2*r - 969. What is the units digit of r?
5
Let v = 27 + -15. Let c(d) = -d**2 + 13*d - 7. Let k be c(v). Suppose k*t = 3*u + 2*u + 110, t + u = 12. What is the tens digit of t?
1
What is the hundreds digit of (-6896)/(-48) + 2/6?
1
Let k(o) = 377*o**2 - 2*o + 1. What is the tens digit of k(-1)?
8
Let u = 33 - 18. Suppose 1 = 4*w - u. Let c = w + 16. What is the units digit of c?
0
Let p be 1 - (-5)/10*2. Suppose 2*w - z - 55 = 0, -p*z = -2*w + 45 + 5. What is the units digit of w?
0
Let p = 1993 - 281. What is the tens digit of p?
1
Suppose d + 6 - 25 = 0. Let l = d - 16. Suppose 7*o - l*o = 48. What is the units digit of o?
2
Let v = -257 + 643. What is the hundreds digit of v?
3
Let w = -980 - -1757. What is the hundreds digit of w?
7
Suppose 3*y + 0*y = -3*a + 3, 0 = 2*a - 2*y - 6. Suppose -3*u + 7 = -2*r, a*r - 3*u + 4*u - 13 = 0. What is the units digit of r?
4
Let z(o) = 3*o + 0*o**2 + 3*o + 2*o**2 - 3 - 4*o. Let a be (-15)/4 + (-3)/12. What is the tens digit of z(a)?
2
Suppose 4*t - 2*l + 91 = -293, 4*t - l + 388 = 0. Let a = t + 197. What is the tens digit of a?
9
Let m(d) = -d**3 - 4*d**2 - 1. Let l(i) = i**2 - i + 1. Let j(g) = 4*l(g) - m(g). What is the tens digit of j(-8)?
3
Let p(k) = 91*k - 1. What is the tens digit of p(4)?
6
Let s = 8087 + -4917. What is the hundreds digit of s?
1
What is the units digit of -10 - ((-2151 - 5) + -3)?
9
Suppose 43*b = 7*b + 79596. What is the tens digit of b?
1
Suppose 5*u - 46 = -4*s + 2*u, 0 = -s - 2*u + 14. Suppose 6*h + 225 = -3*h. Let t = s - h. What is the tens digit of t?
3
Let k(b) = -b**3 + 8*b**2 + 9*b - 7. Let g be k(9). Let c be (2/4)/(g/(-28)). What is the units digit of ((-2)/(-3))/(c/27)?
9
Suppose -4*q = -4*o + 264, -5*q - 21 = 3*o - 203. Suppose -7 = -i + o. Suppose 3*v - i = -8. What is the units digit of v?
1
Let q(z) = 7*z**2 - 3*z - 2. Suppose -5*v = -0*v + 15. Let b be q(v). Let f = -36 + b. What is the tens digit of f?
3
Let n(i) = 3*i - 7. Let q be n(3). Suppose q*t - 8 = 8. Let y(s) = s**2 - 5*s - 6. What is the tens digit of y(t)?
1
Suppose 3*t - 15 = -0*n - 3*n, 0 = 5*t. Suppose 3*u - b = -3*b + 28, 0 = n*u + b - 56. What is the tens digit of (-10)/15 + 272/u?
2
Let y be (-4)/38 + (-776)/(-152). Suppose -45 = -y*s + 620. What is the hundreds digit of s?
1
Suppose 2*u = 37 - 21. Suppose -46*l + 44*l + u = 0. What is the units digit of l?
4
Suppose -23*i = -9*i - 210. Suppose 13*s = i*s - 66. What is the tens digit of s?
3
Suppose -10*a + 80 = -5*a. Let z = a + -8. Suppose -z*y - 35 = -371. What is the tens digit of y?
4
Suppose 7*s = -2*u + 11*s + 498, 0 = -u + 4*s + 239. What is the hundreds digit of u?
2
Suppose 0 = 2*n + 3*g - 53, 3*g - 12 + 3 = 0. Let q(x) = 9*x - 20 + n - 3*x. What is the units digit of q(1)?
8
What is the tens digit of -193*(0 + (-11 - -10))?
9
Let r = -103 - -130. Suppose 3*p = -r + 48. What is the units digit of p?
7
Let x be 2 + (-1 + 0)*-1. Suppose 4*k + k = l + 97, 0 = -x*l + 9. Suppose -1 - k = -o - 4*d, -21 = -o + 2*d. What is the units 